{"version":"1.0","provider_name":"Reclaim Finance","provider_url":"https:\/\/reclaimfinance.org\/site","title":"Assembl\u00e9e g\u00e9n\u00e9rale de TotalEnergies : l'opposition monte - Reclaim Finance","type":"rich","width":600,"height":338,"html":"<blockquote class=\"wp-embedded-content\" data-secret=\"cXL1fMc4zB\"><a href=\"https:\/\/reclaimfinance.org\/site\/2022\/05\/24\/assemblee-generale-de-totalenergies-lopposition-monte\/\">Assembl\u00e9e g\u00e9n\u00e9rale de TotalEnergies : l&rsquo;opposition monte<\/a><\/blockquote><iframe sandbox=\"allow-scripts\" security=\"restricted\" src=\"https:\/\/reclaimfinance.org\/site\/2022\/05\/24\/assemblee-generale-de-totalenergies-lopposition-monte\/embed\/#?secret=cXL1fMc4zB\" width=\"600\" height=\"338\" title=\"\u00ab\u00a0Assembl\u00e9e g\u00e9n\u00e9rale de TotalEnergies : l&rsquo;opposition monte\u00a0\u00bb &#8212; Reclaim Finance\" data-secret=\"cXL1fMc4zB\" frameborder=\"0\" marginwidth=\"0\" marginheight=\"0\" scrolling=\"no\" class=\"wp-embedded-content\"><\/iframe><script type=\"text\/javascript\">\n\/* <![CDATA[ *\/\n\/*! This file is auto-generated *\/\n!function(d,l){\"use strict\";l.querySelector&&d.addEventListener&&\"undefined\"!=typeof URL&&(d.wp=d.wp||{},d.wp.receiveEmbedMessage||(d.wp.receiveEmbedMessage=function(e){var t=e.data;if((t||t.secret||t.message||t.value)&&!\/[^a-zA-Z0-9]\/.test(t.secret)){for(var s,r,n,a=l.querySelectorAll('iframe[data-secret=\"'+t.secret+'\"]'),o=l.querySelectorAll('blockquote[data-secret=\"'+t.secret+'\"]'),c=new RegExp(\"^https?:$\",\"i\"),i=0;i<o.length;i++)o[i].style.display=\"none\";for(i=0;i<a.length;i++)s=a[i],e.source===s.contentWindow&&(s.removeAttribute(\"style\"),\"height\"===t.message?(1e3<(r=parseInt(t.value,10))?r=1e3:~~r<200&&(r=200),s.height=r):\"link\"===t.message&&(r=new URL(s.getAttribute(\"src\")),n=new URL(t.value),c.test(n.protocol))&&n.host===r.host&&l.activeElement===s&&(d.top.location.href=t.value))}},d.addEventListener(\"message\",d.wp.receiveEmbedMessage,!1),l.addEventListener(\"DOMContentLoaded\",function(){for(var e,t,s=l.querySelectorAll(\"iframe.wp-embedded-content\"),r=0;r<s.length;r++)(t=(e=s[r]).getAttribute(\"data-secret\"))||(t=Math.random().toString(36).substring(2,12),e.src+=\"#?secret=\"+t,e.setAttribute(\"data-secret\",t)),e.contentWindow.postMessage({message:\"ready\",secret:t},\"*\")},!1)))}(window,document);\n\/* ]]> *\/\n<\/script>\n","thumbnail_url":"https:\/\/reclaimfinance.org\/site\/wp-content\/uploads\/2022\/05\/1.-BANNER-SITEWEB9.png","thumbnail_width":1350,"thumbnail_height":600,"description":"Les Assurances du Cr\u00e9dit Mutuel et Cr\u00e9dit Mutuel AM, filiales du cinqui\u00e8me groupe bancaire fran\u00e7ais, ont annonc\u00e9 aujourd\u2019hui qu\u2019elles voteront contre ce plan, rejoignant huit autres investisseurs ayant d\u00e9j\u00e0 fait part de leur opposition."}

Assemblée générale de TotalEnergies : l'opposition monte - Reclaim Finance

<blockquote class="wp-embedded-content" data-secret="cXL1fMc4zB"><a href="https://reclaimfinance.org/site/2022/05/24/assemblee-generale-de-totalenergies-lopposition-monte/">Assemblée générale de TotalEnergies : l&rsquo;opposition monte</a></blockquote><iframe sandbox="allow-scripts" security="restricted" src="https://reclaimfinance.org/site/2022/05/24/assemblee-generale-de-totalenergies-lopposition-monte/embed/#?secret=cXL1fMc4zB" width="600" height="338" title="« Assemblée générale de TotalEnergies : l&rsquo;opposition monte » &#8212; Reclaim Finance" data-secret="cXL1fMc4zB" frameborder="0" marginwidth="0" marginheight="0" scrolling="no" class="wp-embedded-content"></iframe><script type="text/javascript">
/* <![CDATA[ */
/*! This file is auto-generated */
!function(d,l){"use strict";l.querySelector&&d.addEventListener&&"undefined"!=typeof URL&&(d.wp=d.wp||{},d.wp.receiveEmbedMessage||(d.wp.receiveEmbedMessage=function(e){var t=e.data;if((t||t.secret||t.message||t.value)&&!/[^a-zA-Z0-9]/.test(t.secret)){for(var s,r,n,a=l.querySelectorAll('iframe[data-secret="'+t.secret+'"]'),o=l.querySelectorAll('blockquote[data-secret="'+t.secret+'"]'),c=new RegExp("^https?:$","i"),i=0;i<o.length;i++)o[i].style.display="none";for(i=0;i<a.length;i++)s=a[i],e.source===s.contentWindow&&(s.removeAttribute("style"),"height"===t.message?(1e3<(r=parseInt(t.value,10))?r=1e3:~~r<200&&(r=200),s.height=r):"link"===t.message&&(r=new URL(s.getAttribute("src")),n=new URL(t.value),c.test(n.protocol))&&n.host===r.host&&l.activeElement===s&&(d.top.location.href=t.value))}},d.addEventListener("message",d.wp.receiveEmbedMessage,!1),l.addEventListener("DOMContentLoaded",function(){for(var e,t,s=l.querySelectorAll("iframe.wp-embedded-content"),r=0;r<s.length;r++)(t=(e=s[r]).getAttribute("data-secret"))||(t=Math.random().toString(36).substring(2,12),e.src+="#?secret="+t,e.setAttribute("data-secret",t)),e.contentWindow.postMessage({message:"ready",secret:t},"*")},!1)))}(window,document);
/* ]]> */
</script>

Les Assurances du Crédit Mutuel et Crédit Mutuel AM, filiales du cinquième groupe bancaire français, ont annoncé aujourd’hui qu’elles voteront contre ce plan, rejoignant huit autres investisseurs ayant déjà fait part de leur opposition.
