{"id":11449,"date":"2021-05-03T18:52:29","date_gmt":"2021-05-03T16:52:29","guid":{"rendered":"https:\/\/reclaimfinance.org\/site\/?page_id=11449"},"modified":"2022-05-17T16:40:00","modified_gmt":"2022-05-17T14:40:00","slug":"scan-finance-fossile","status":"publish","type":"page","link":"https:\/\/reclaimfinance.org\/site\/scan-finance-fossile\/","title":{"rendered":"Scan de la Finance Fossile"},"content":{"rendered":"<div class=\"fusion-fullwidth fullwidth-box fusion-builder-row-1 nonhundred-percent-fullwidth hundred-percent-height hundred-percent-height-center-content non-hundred-percent-height-scrolling fusion-equal-height-columns\" style=\"--awb-border-sizes-top:0px;--awb-border-sizes-bottom:0px;--awb-border-sizes-left:0px;--awb-border-sizes-right:0px;--awb-border-radius-top-left:0px;--awb-border-radius-top-right:0px;--awb-border-radius-bottom-right:0px;--awb-border-radius-bottom-left:0px;--awb-padding-top:23px;--awb-padding-bottom:0px;--awb-margin-bottom:21px;--awb-background-color:#eaebec;--awb-flex-wrap:wrap;\" id=\"scenario\" ><div class=\"fusion-fullwidth-center-content\"><div class=\"fusion-builder-row fusion-row\"><div class=\"fusion-layout-column fusion_builder_column fusion-builder-column-0 fusion_builder_column_1_2 1_2 fusion-one-half fusion-column-first\" style=\"--awb-bg-size:cover;width:50%;width:calc(50% - ( ( 4% ) * 0.5 ) );margin-right: 4%;\"><div class=\"fusion-column-wrapper fusion-column-has-shadow fusion-flex-column-wrapper-legacy\"><div class=\"fusion-column-content-centered\"><div class=\"fusion-column-content\"><div class=\"fusion-image-element fusion-image-align-center in-legacy-container\" style=\"text-align:center;--awb-caption-title-font-family:var(--h2_typography-font-family);--awb-caption-title-font-weight:var(--h2_typography-font-weight);--awb-caption-title-font-style:var(--h2_typography-font-style);--awb-caption-title-size:var(--h2_typography-font-size);--awb-caption-title-transform:var(--h2_typography-text-transform);--awb-caption-title-line-height:var(--h2_typography-line-height);--awb-caption-title-letter-spacing:var(--h2_typography-letter-spacing);\"><div class=\"imageframe-align-center\"><span class=\" fusion-imageframe imageframe-none imageframe-1 hover-type-none\"><img decoding=\"async\" width=\"846\" height=\"348\" title=\"logo-OGPT\" src=\"https:\/\/reclaimfinance.org\/site\/wp-content\/uploads\/2022\/05\/logo-OGPT.png\" alt class=\"img-responsive wp-image-21619\" srcset=\"https:\/\/reclaimfinance.org\/site\/wp-content\/uploads\/2022\/05\/logo-OGPT-200x82.png 200w, https:\/\/reclaimfinance.org\/site\/wp-content\/uploads\/2022\/05\/logo-OGPT-400x165.png 400w, https:\/\/reclaimfinance.org\/site\/wp-content\/uploads\/2022\/05\/logo-OGPT-600x247.png 600w, https:\/\/reclaimfinance.org\/site\/wp-content\/uploads\/2022\/05\/logo-OGPT-800x329.png 800w, https:\/\/reclaimfinance.org\/site\/wp-content\/uploads\/2022\/05\/logo-OGPT.png 846w\" sizes=\"(max-width: 800px) 100vw, 600px\" \/><\/span><\/div><\/div><\/div><\/div><div class=\"fusion-clearfix\"><\/div><\/div><\/div><div class=\"fusion-layout-column fusion_builder_column fusion-builder-column-1 fusion_builder_column_1_2 1_2 fusion-one-half fusion-column-last\" style=\"--awb-bg-size:cover;width:50%;width:calc(50% - ( ( 4% ) * 0.5 ) );\"><div class=\"fusion-column-wrapper fusion-column-has-shadow fusion-flex-column-wrapper-legacy\"><div class=\"fusion-column-content-centered\"><div class=\"fusion-column-content\"><div class=\"fusion-text fusion-text-1\"><p style=\"text-align: justify;\"><strong><span style=\"color: #333645;\">Le Scan de la Finance Fossile fait d\u00e9sormais place \u00e0 notre nouvel outil d&rsquo;analyse des politiques p\u00e9trole et gaz : l&rsquo;Oil &amp; Gas Policy Tracker.<\/span><\/strong><\/p>\n<p style=\"text-align: justify;\"><span style=\"color: #333645;\">De plus en plus de\u00a0banques, assureurs et investisseurs mettent\u00a0en \u0153uvre des politiques visant \u00e0 limiter le soutien \u00e0 l&rsquo;industrie p\u00e9troli\u00e8re et gazi\u00e8re. Mais ces politiques sont-elles suffisamment efficaces ?\u00a0Pour mieux comprendre les engagements climatiques des acteurs financiers, cet outil\u00a0livre une analyse comparative de leurs politiques au regard de l&rsquo;objectif\u00a0de limiter le r\u00e9chauffement climatique \u00e0 1.5\u00b0C. Il sera progressivement \u00e9tendu \u00e0 tous les principaux acteurs financiers fran\u00e7ais et internationaux.<\/span><\/p>\n<\/div><div class=\"fusion-aligncenter\"><a class=\"fusion-button button-flat fusion-button-default-size button-default fusion-button-default button-1 fusion-button-default-span fusion-button-default-type\" style=\"--button_margin-top:20px;\" target=\"_blank\" rel=\"noopener noreferrer\" href=\"https:\/\/oilgaspolicytracker.org\/\"><span class=\"fusion-button-text\">D\u00e9couvrir<\/span><\/a><\/div><\/div><\/div><div class=\"fusion-clearfix\"><\/div><\/div><\/div><\/div><\/div><\/div>\n","protected":false},"excerpt":{"rendered":"","protected":false},"author":28,"featured_media":12038,"parent":0,"menu_order":0,"comment_status":"closed","ping_status":"closed","template":"100-width.php","meta":{"footnotes":""},"programme":[],"class_list":["post-11449","page","type-page","status-publish","has-post-thumbnail","hentry"],"yoast_head":"<!-- This site is optimized with the Yoast SEO plugin v23.1 - https:\/\/yoast.com\/wordpress\/plugins\/seo\/ -->\n<title>Scan de la Finance Fossile - Reclaim Finance<\/title>\n<meta name=\"description\" content=\"Scan de la Finance Fossile - \u00c9valuation des politiques p\u00e9trole et gaz des acteurs financiers fran\u00e7ais - Banques, Assureurs, Gestionnaires et D\u00e9tenteurs d&#039;actifs - Reclaim Finance\" \/>\n<meta name=\"robots\" content=\"noindex, follow\" \/>\n<meta property=\"og:locale\" content=\"fr_FR\" \/>\n<meta property=\"og:type\" content=\"article\" \/>\n<meta property=\"og:title\" content=\"Scan de la Finance Fossile - Reclaim Finance\" \/>\n<meta property=\"og:description\" content=\"Scan de la Finance Fossile - \u00c9valuation des politiques p\u00e9trole et gaz des acteurs financiers fran\u00e7ais - Banques, Assureurs, Gestionnaires et D\u00e9tenteurs d&#039;actifs - Reclaim Finance\" \/>\n<meta property=\"og:url\" content=\"https:\/\/reclaimfinance.org\/site\/scan-finance-fossile\/\" \/>\n<meta property=\"og:site_name\" content=\"Reclaim Finance\" \/>\n<meta property=\"article:publisher\" content=\"https:\/\/www.facebook.com\/ReclaimFinanceONG\" \/>\n<meta property=\"article:modified_time\" content=\"2022-05-17T14:40:00+00:00\" \/>\n<meta property=\"og:image\" content=\"https:\/\/reclaimfinance.org\/site\/wp-content\/uploads\/2021\/05\/SCAN-VISUEL-INSTA-1-FR.png\" \/>\n\t<meta property=\"og:image:width\" content=\"1800\" \/>\n\t<meta property=\"og:image:height\" content=\"1800\" \/>\n\t<meta property=\"og:image:type\" content=\"image\/png\" \/>\n<meta name=\"twitter:card\" content=\"summary_large_image\" \/>\n<meta name=\"twitter:image\" content=\"https:\/\/reclaimfinance.org\/site\/wp-content\/uploads\/2021\/05\/SCAN-VISUEL-900x400-1.png\" \/>\n<meta name=\"twitter:site\" content=\"@ReclaimFinance\" \/>\n<meta name=\"twitter:label1\" content=\"Dur\u00e9e de lecture estim\u00e9e\" \/>\n\t<meta name=\"twitter:data1\" content=\"3 minutes\" \/>\n<script type=\"application\/ld+json\" class=\"yoast-schema-graph\">{\"@context\":\"https:\/\/schema.org\",\"@graph\":[{\"@type\":\"WebPage\",\"@id\":\"https:\/\/reclaimfinance.org\/site\/scan-finance-fossile\/\",\"url\":\"https:\/\/reclaimfinance.org\/site\/scan-finance-fossile\/\",\"name\":\"Scan de la Finance Fossile - Reclaim Finance\",\"isPartOf\":{\"@id\":\"https:\/\/reclaimfinance.org\/site\/#website\"},\"primaryImageOfPage\":{\"@id\":\"https:\/\/reclaimfinance.org\/site\/scan-finance-fossile\/#primaryimage\"},\"image\":{\"@id\":\"https:\/\/reclaimfinance.org\/site\/scan-finance-fossile\/#primaryimage\"},\"thumbnailUrl\":\"https:\/\/reclaimfinance.org\/site\/wp-content\/uploads\/2021\/05\/SCAN-VISUEL-TWITTER-1-FR.png\",\"datePublished\":\"2021-05-03T16:52:29+00:00\",\"dateModified\":\"2022-05-17T14:40:00+00:00\",\"description\":\"Scan de la Finance Fossile - \u00c9valuation des politiques p\u00e9trole et gaz des acteurs financiers fran\u00e7ais - Banques, Assureurs, Gestionnaires et D\u00e9tenteurs d'actifs - Reclaim Finance\",\"breadcrumb\":{\"@id\":\"https:\/\/reclaimfinance.org\/site\/scan-finance-fossile\/#breadcrumb\"},\"inLanguage\":\"fr-FR\",\"potentialAction\":[{\"@type\":\"ReadAction\",\"target\":[\"https:\/\/reclaimfinance.org\/site\/scan-finance-fossile\/\"]}]},{\"@type\":\"ImageObject\",\"inLanguage\":\"fr-FR\",\"@id\":\"https:\/\/reclaimfinance.org\/site\/scan-finance-fossile\/#primaryimage\",\"url\":\"https:\/\/reclaimfinance.org\/site\/wp-content\/uploads\/2021\/05\/SCAN-VISUEL-TWITTER-1-FR.png\",\"contentUrl\":\"https:\/\/reclaimfinance.org\/site\/wp-content\/uploads\/2021\/05\/SCAN-VISUEL-TWITTER-1-FR.png\",\"width\":1800,\"height\":1005},{\"@type\":\"BreadcrumbList\",\"@id\":\"https:\/\/reclaimfinance.org\/site\/scan-finance-fossile\/#breadcrumb\",\"itemListElement\":[{\"@type\":\"ListItem\",\"position\":1,\"name\":\"Accueil\",\"item\":\"https:\/\/reclaimfinance.org\/site\/\"},{\"@type\":\"ListItem\",\"position\":2,\"name\":\"Scan de la Finance Fossile\"}]},{\"@type\":\"WebSite\",\"@id\":\"https:\/\/reclaimfinance.org\/site\/#website\",\"url\":\"https:\/\/reclaimfinance.org\/site\/\",\"name\":\"Reclaim Finance\",\"description\":\"Reprendre le contr\u00f4le de la finance pour le climat et la biodiversit\u00e9\",\"publisher\":{\"@id\":\"https:\/\/reclaimfinance.org\/site\/#organization\"},\"potentialAction\":[{\"@type\":\"SearchAction\",\"target\":{\"@type\":\"EntryPoint\",\"urlTemplate\":\"https:\/\/reclaimfinance.org\/site\/?s={search_term_string}\"},\"query-input\":\"required name=search_term_string\"}],\"inLanguage\":\"fr-FR\"},{\"@type\":\"Organization\",\"@id\":\"https:\/\/reclaimfinance.org\/site\/#organization\",\"name\":\"Reclaim Finance\",\"url\":\"https:\/\/reclaimfinance.org\/site\/\",\"logo\":{\"@type\":\"ImageObject\",\"inLanguage\":\"fr-FR\",\"@id\":\"https:\/\/reclaimfinance.org\/site\/#\/schema\/logo\/image\/\",\"url\":\"https:\/\/reclaimfinance.org\/site\/wp-content\/uploads\/2020\/03\/logo_RC_space.png\",\"contentUrl\":\"https:\/\/reclaimfinance.org\/site\/wp-content\/uploads\/2020\/03\/logo_RC_space.png\",\"width\":800,\"height\":800,\"caption\":\"Reclaim Finance\"},\"image\":{\"@id\":\"https:\/\/reclaimfinance.org\/site\/#\/schema\/logo\/image\/\"},\"sameAs\":[\"https:\/\/www.facebook.com\/ReclaimFinanceONG\",\"https:\/\/x.com\/ReclaimFinance\",\"https:\/\/www.instagram.com\/reclaimfinance\/\",\"https:\/\/www.linkedin.com\/company\/reclaim-finance-ong-think-tank\"]}]}<\/script>\n<!-- \/ Yoast SEO plugin. -->","yoast_head_json":{"title":"Scan de la Finance Fossile - Reclaim Finance","description":"Scan de la Finance Fossile - \u00c9valuation des politiques p\u00e9trole et gaz des acteurs financiers fran\u00e7ais - Banques, Assureurs, Gestionnaires et D\u00e9tenteurs d'actifs - Reclaim Finance","robots":{"index":"noindex","follow":"follow"},"og_locale":"fr_FR","og_type":"article","og_title":"Scan de la Finance Fossile - Reclaim Finance","og_description":"Scan de la Finance Fossile - \u00c9valuation des politiques p\u00e9trole et gaz des acteurs financiers fran\u00e7ais - Banques, Assureurs, Gestionnaires et D\u00e9tenteurs d'actifs - Reclaim Finance","og_url":"https:\/\/reclaimfinance.org\/site\/scan-finance-fossile\/","og_site_name":"Reclaim Finance","article_publisher":"https:\/\/www.facebook.com\/ReclaimFinanceONG","article_modified_time":"2022-05-17T14:40:00+00:00","og_image":[{"width":1800,"height":1800,"url":"https:\/\/reclaimfinance.org\/site\/wp-content\/uploads\/2021\/05\/SCAN-VISUEL-INSTA-1-FR.png","type":"image\/png"}],"twitter_card":"summary_large_image","twitter_image":"https:\/\/reclaimfinance.org\/site\/wp-content\/uploads\/2021\/05\/SCAN-VISUEL-900x400-1.png","twitter_site":"@ReclaimFinance","twitter_misc":{"Dur\u00e9e de lecture estim\u00e9e":"3 minutes"},"schema":{"@context":"https:\/\/schema.org","@graph":[{"@type":"WebPage","@id":"https:\/\/reclaimfinance.org\/site\/scan-finance-fossile\/","url":"https:\/\/reclaimfinance.org\/site\/scan-finance-fossile\/","name":"Scan de la Finance Fossile - Reclaim Finance","isPartOf":{"@id":"https:\/\/reclaimfinance.org\/site\/#website"},"primaryImageOfPage":{"@id":"https:\/\/reclaimfinance.org\/site\/scan-finance-fossile\/#primaryimage"},"image":{"@id":"https:\/\/reclaimfinance.org\/site\/scan-finance-fossile\/#primaryimage"},"thumbnailUrl":"https:\/\/reclaimfinance.org\/site\/wp-content\/uploads\/2021\/05\/SCAN-VISUEL-TWITTER-1-FR.png","datePublished":"2021-05-03T16:52:29+00:00","dateModified":"2022-05-17T14:40:00+00:00","description":"Scan de la Finance Fossile - \u00c9valuation des politiques p\u00e9trole et gaz des acteurs financiers fran\u00e7ais - Banques, Assureurs, Gestionnaires et D\u00e9tenteurs d'actifs - Reclaim Finance","breadcrumb":{"@id":"https:\/\/reclaimfinance.org\/site\/scan-finance-fossile\/#breadcrumb"},"inLanguage":"fr-FR","potentialAction":[{"@type":"ReadAction","target":["https:\/\/reclaimfinance.org\/site\/scan-finance-fossile\/"]}]},{"@type":"ImageObject","inLanguage":"fr-FR","@id":"https:\/\/reclaimfinance.org\/site\/scan-finance-fossile\/#primaryimage","url":"https:\/\/reclaimfinance.org\/site\/wp-content\/uploads\/2021\/05\/SCAN-VISUEL-TWITTER-1-FR.png","contentUrl":"https:\/\/reclaimfinance.org\/site\/wp-content\/uploads\/2021\/05\/SCAN-VISUEL-TWITTER-1-FR.png","width":1800,"height":1005},{"@type":"BreadcrumbList","@id":"https:\/\/reclaimfinance.org\/site\/scan-finance-fossile\/#breadcrumb","itemListElement":[{"@type":"ListItem","position":1,"name":"Accueil","item":"https:\/\/reclaimfinance.org\/site\/"},{"@type":"ListItem","position":2,"name":"Scan de la Finance Fossile"}]},{"@type":"WebSite","@id":"https:\/\/reclaimfinance.org\/site\/#website","url":"https:\/\/reclaimfinance.org\/site\/","name":"Reclaim Finance","description":"Reprendre le contr\u00f4le de la finance pour le climat et la biodiversit\u00e9","publisher":{"@id":"https:\/\/reclaimfinance.org\/site\/#organization"},"potentialAction":[{"@type":"SearchAction","target":{"@type":"EntryPoint","urlTemplate":"https:\/\/reclaimfinance.org\/site\/?s={search_term_string}"},"query-input":"required name=search_term_string"}],"inLanguage":"fr-FR"},{"@type":"Organization","@id":"https:\/\/reclaimfinance.org\/site\/#organization","name":"Reclaim Finance","url":"https:\/\/reclaimfinance.org\/site\/","logo":{"@type":"ImageObject","inLanguage":"fr-FR","@id":"https:\/\/reclaimfinance.org\/site\/#\/schema\/logo\/image\/","url":"https:\/\/reclaimfinance.org\/site\/wp-content\/uploads\/2020\/03\/logo_RC_space.png","contentUrl":"https:\/\/reclaimfinance.org\/site\/wp-content\/uploads\/2020\/03\/logo_RC_space.png","width":800,"height":800,"caption":"Reclaim Finance"},"image":{"@id":"https:\/\/reclaimfinance.org\/site\/#\/schema\/logo\/image\/"},"sameAs":["https:\/\/www.facebook.com\/ReclaimFinanceONG","https:\/\/x.com\/ReclaimFinance","https:\/\/www.instagram.com\/reclaimfinance\/","https:\/\/www.linkedin.com\/company\/reclaim-finance-ong-think-tank"]}]}},"_links":{"self":[{"href":"https:\/\/reclaimfinance.org\/site\/wp-json\/wp\/v2\/pages\/11449"}],"collection":[{"href":"https:\/\/reclaimfinance.org\/site\/wp-json\/wp\/v2\/pages"}],"about":[{"href":"https:\/\/reclaimfinance.org\/site\/wp-json\/wp\/v2\/types\/page"}],"author":[{"embeddable":true,"href":"https:\/\/reclaimfinance.org\/site\/wp-json\/wp\/v2\/users\/28"}],"replies":[{"embeddable":true,"href":"https:\/\/reclaimfinance.org\/site\/wp-json\/wp\/v2\/comments?post=11449"}],"version-history":[{"count":0,"href":"https:\/\/reclaimfinance.org\/site\/wp-json\/wp\/v2\/pages\/11449\/revisions"}],"wp:featuredmedia":[{"embeddable":true,"href":"https:\/\/reclaimfinance.org\/site\/wp-json\/wp\/v2\/media\/12038"}],"wp:attachment":[{"href":"https:\/\/reclaimfinance.org\/site\/wp-json\/wp\/v2\/media?parent=11449"}],"wp:term":[{"taxonomy":"programme","embeddable":true,"href":"https:\/\/reclaimfinance.org\/site\/wp-json\/wp\/v2\/programme?post=11449"}],"curies":[{"name":"wp","href":"https:\/\/api.w.org\/{rel}","templated":true}]}}